{"id":1064,"date":"2022-10-18T14:52:10","date_gmt":"2022-10-18T12:52:10","guid":{"rendered":"https:\/\/services-administracom.alwaysdata.net\/wp-content\/uploads\/sites\/labracelerie\/?post_type=product&#038;p=1064"},"modified":"2022-10-19T17:27:58","modified_gmt":"2022-10-19T15:27:58","slug":"voyager","status":"publish","type":"product","link":"https:\/\/services-administracom.alwaysdata.net\/wp-content\/uploads\/sites\/labracelerie\/produit\/voyager\/","title":{"rendered":"VOYAGER"},"content":{"rendered":"","protected":false},"excerpt":{"rendered":"<p>Voyager est une parure confectionn\u00e9e artisanalement avec de la paracorde. Elle se compose d&rsquo;un bracelet et d&rsquo;un collier serti d&rsquo;une pierre d&rsquo;agate verte.<\/p>\n<p><strong>Le bracelet (<\/strong> 34 gr L: 21,5 cm\u00a0 l: 3 cm h: 2 cm)<\/p>\n<ul>\n<li>tress\u00e9 avec de la paracorde et muni d&rsquo;un fermoir \u00e0 boucle avec un sifflet et une boussole int\u00e9gr\u00e9s,<\/li>\n<\/ul>\n<p><strong>Le collier<\/strong> ( 22 gr)<\/p>\n<ul>\n<li>Une pierre d&rsquo;agate mont\u00e9e sur un fil en toile cir\u00e9e<\/li>\n<\/ul>\n<p><img loading=\"lazy\" decoding=\"async\" class=\"aligncenter\" src=\"https:\/\/services-administracom.alwaysdata.net\/wp-content\/uploads\/sites\/labracelerie\/wp-content\/uploads\/2022\/10\/IMG_20221018_135413902-scaled-e1666095566373.jpg\" width=\"298\" height=\"377\" \/><\/p>\n<p><strong>Propri\u00e9t\u00e9s de l&rsquo;agate verte :<\/strong><\/p>\n<p>L&rsquo;agate verte est la pierre du calme et de la chance. Pierre apaisante elle harmonise l&rsquo;\u00e9quilibre \u00e9nerg\u00e9tique. La couleur verte r\u00e9sonne avec le chakra du coeur, c&rsquo;est la pierre de l&rsquo;amour, elle permet de favoriser les relations avec les autres et la vie sentimentale du porteur.<\/p>\n<p>&nbsp;<\/p>\n<p> <a class=\"continue-reading-link\" href=\"https:\/\/services-administracom.alwaysdata.net\/wp-content\/uploads\/sites\/labracelerie\/produit\/voyager\/\"><span>Lire la Suite<\/span><i class=\"crycon-right-dir\"><\/i><\/a> <\/p>\n","protected":false},"featured_media":1066,"comment_status":"open","ping_status":"closed","template":"","meta":[],"product_brand":[],"product_cat":[183],"product_tag":[267,189,299],"class_list":{"0":"post-1064","1":"product","2":"type-product","3":"status-publish","4":"has-post-thumbnail","6":"product_cat-collection-homme","7":"product_tag-homme","8":"product_tag-parure","9":"product_tag-voyager","11":"first","12":"instock","13":"sold-individually","14":"shipping-taxable","15":"purchasable","16":"product-type-simple"},"jetpack_sharing_enabled":true,"_links":{"self":[{"href":"https:\/\/services-administracom.alwaysdata.net\/wp-content\/uploads\/sites\/labracelerie\/wp-json\/wp\/v2\/product\/1064","targetHints":{"allow":["GET"]}}],"collection":[{"href":"https:\/\/services-administracom.alwaysdata.net\/wp-content\/uploads\/sites\/labracelerie\/wp-json\/wp\/v2\/product"}],"about":[{"href":"https:\/\/services-administracom.alwaysdata.net\/wp-content\/uploads\/sites\/labracelerie\/wp-json\/wp\/v2\/types\/product"}],"replies":[{"embeddable":true,"href":"https:\/\/services-administracom.alwaysdata.net\/wp-content\/uploads\/sites\/labracelerie\/wp-json\/wp\/v2\/comments?post=1064"}],"wp:featuredmedia":[{"embeddable":true,"href":"https:\/\/services-administracom.alwaysdata.net\/wp-content\/uploads\/sites\/labracelerie\/wp-json\/wp\/v2\/media\/1066"}],"wp:attachment":[{"href":"https:\/\/services-administracom.alwaysdata.net\/wp-content\/uploads\/sites\/labracelerie\/wp-json\/wp\/v2\/media?parent=1064"}],"wp:term":[{"taxonomy":"product_brand","embeddable":true,"href":"https:\/\/services-administracom.alwaysdata.net\/wp-content\/uploads\/sites\/labracelerie\/wp-json\/wp\/v2\/product_brand?post=1064"},{"taxonomy":"product_cat","embeddable":true,"href":"https:\/\/services-administracom.alwaysdata.net\/wp-content\/uploads\/sites\/labracelerie\/wp-json\/wp\/v2\/product_cat?post=1064"},{"taxonomy":"product_tag","embeddable":true,"href":"https:\/\/services-administracom.alwaysdata.net\/wp-content\/uploads\/sites\/labracelerie\/wp-json\/wp\/v2\/product_tag?post=1064"}],"curies":[{"name":"wp","href":"https:\/\/api.w.org\/{rel}","templated":true}]}}