{"id":1483,"date":"2023-06-22T17:04:13","date_gmt":"2023-06-22T15:04:13","guid":{"rendered":"https:\/\/services-administracom.alwaysdata.net\/wp-content\/uploads\/sites\/labracelerie\/?post_type=product&#038;p=1483"},"modified":"2023-06-22T17:26:22","modified_gmt":"2023-06-22T15:26:22","slug":"jardin-deden","status":"publish","type":"product","link":"https:\/\/services-administracom.alwaysdata.net\/wp-content\/uploads\/sites\/labracelerie\/produit\/jardin-deden\/","title":{"rendered":"JARDIN D&rsquo;EDEN"},"content":{"rendered":"","protected":false},"excerpt":{"rendered":"<p>Jardin d&rsquo;eden est une parure confectionn\u00e9e artisanalement, elle se compose<br \/>\n&#8211; d&rsquo;un collier  fa\u00e7onn\u00e9 avec une technique japonaise appel\u00e9e \u00ab\u00a0kumihimo\u00a0\u00bb assorti d&rsquo;une breloque fantaisie sertie avec une technique de macram\u00e9 muni d&#8217;embouts et d&rsquo;une cha\u00eenette en m\u00e9tal argent\u00e9,<br \/>\n&#8211; de boucles d&rsquo;oreilles en r\u00e9sine \u00e9poxy  munies de crochets en m\u00e9tal argent\u00e9,<br \/>\n&#8211; d&rsquo;une bague en r\u00e9sine \u00e9poxy T60<br \/>\n&#8211; d&rsquo;un bracelet manchette r\u00e9alis\u00e9 avec une technique de macram\u00e9 assorti d&rsquo;un fermoir en r\u00e9sine<\/p>\n<p>Une parure originale \u00e0 porter \u00e0 votre guise <\/p>\n<p> <a class=\"continue-reading-link\" href=\"https:\/\/services-administracom.alwaysdata.net\/wp-content\/uploads\/sites\/labracelerie\/produit\/jardin-deden\/\"><span>Lire la Suite<\/span><i class=\"crycon-right-dir\"><\/i><\/a> <\/p>\n","protected":false},"featured_media":1485,"comment_status":"open","ping_status":"closed","template":"","meta":[],"product_brand":[],"product_cat":[184],"product_tag":[371,276,335,334],"class_list":{"0":"post-1483","1":"product","2":"type-product","3":"status-publish","4":"has-post-thumbnail","6":"product_cat-parures","7":"product_tag-jardin-deden","8":"product_tag-kumihimo","9":"product_tag-macrame","10":"product_tag-resine-epoxy","12":"first","13":"instock","14":"sold-individually","15":"shipping-taxable","16":"purchasable","17":"product-type-simple"},"jetpack_sharing_enabled":true,"_links":{"self":[{"href":"https:\/\/services-administracom.alwaysdata.net\/wp-content\/uploads\/sites\/labracelerie\/wp-json\/wp\/v2\/product\/1483","targetHints":{"allow":["GET"]}}],"collection":[{"href":"https:\/\/services-administracom.alwaysdata.net\/wp-content\/uploads\/sites\/labracelerie\/wp-json\/wp\/v2\/product"}],"about":[{"href":"https:\/\/services-administracom.alwaysdata.net\/wp-content\/uploads\/sites\/labracelerie\/wp-json\/wp\/v2\/types\/product"}],"replies":[{"embeddable":true,"href":"https:\/\/services-administracom.alwaysdata.net\/wp-content\/uploads\/sites\/labracelerie\/wp-json\/wp\/v2\/comments?post=1483"}],"wp:featuredmedia":[{"embeddable":true,"href":"https:\/\/services-administracom.alwaysdata.net\/wp-content\/uploads\/sites\/labracelerie\/wp-json\/wp\/v2\/media\/1485"}],"wp:attachment":[{"href":"https:\/\/services-administracom.alwaysdata.net\/wp-content\/uploads\/sites\/labracelerie\/wp-json\/wp\/v2\/media?parent=1483"}],"wp:term":[{"taxonomy":"product_brand","embeddable":true,"href":"https:\/\/services-administracom.alwaysdata.net\/wp-content\/uploads\/sites\/labracelerie\/wp-json\/wp\/v2\/product_brand?post=1483"},{"taxonomy":"product_cat","embeddable":true,"href":"https:\/\/services-administracom.alwaysdata.net\/wp-content\/uploads\/sites\/labracelerie\/wp-json\/wp\/v2\/product_cat?post=1483"},{"taxonomy":"product_tag","embeddable":true,"href":"https:\/\/services-administracom.alwaysdata.net\/wp-content\/uploads\/sites\/labracelerie\/wp-json\/wp\/v2\/product_tag?post=1483"}],"curies":[{"name":"wp","href":"https:\/\/api.w.org\/{rel}","templated":true}]}}