{"id":2230,"date":"2024-05-27T19:18:48","date_gmt":"2024-05-27T17:18:48","guid":{"rendered":"https:\/\/services-administracom.alwaysdata.net\/wp-content\/uploads\/sites\/labracelerie\/?post_type=product&#038;p=2230"},"modified":"2024-11-01T21:10:20","modified_gmt":"2024-11-01T20:10:20","slug":"paon","status":"publish","type":"product","link":"https:\/\/services-administracom.alwaysdata.net\/wp-content\/uploads\/sites\/labracelerie\/produit\/paon\/","title":{"rendered":"PAON"},"content":{"rendered":"","protected":false},"excerpt":{"rendered":"<p>Paon est une parure confectionn\u00e9e artisanalement, elle se compose<br \/>\n&#8211; d&rsquo;un bracelet tiss\u00e9 avec des perles de rocaille \u00e0 partir d&rsquo;une technique  brick and stitch, de fils \u00e0 broder tress\u00e9s \u00e0 la fa\u00e7on macram\u00e9, assorti d&#8217;embouts, d&rsquo;une cha\u00eenette, d&rsquo;une breloque et d&rsquo;un fermoir en m\u00e9tal argent\u00e9.<br \/>\n&#8211; un collier tiss\u00e9 de fils \u00e0 broder et de perles de rocaille  \u00e0 partir d&rsquo;une technique kumihimo, orn\u00e9 d&rsquo;un pendentif en r\u00e9sine \u00e9poxy, assorti d&#8217;embouts, d&rsquo;une cha\u00eenette et d&rsquo;un fermoir en m\u00e9tal argent\u00e9.<br \/>\n&#8211; de boucles d&rsquo;oreilles en r\u00e9sine \u00e9poxy, garnies de fils de coton, munies de crochets en m\u00e9tal argent\u00e9. Taille Unique<\/p>\n<p>Oiseau majestueux aux couleurs somptueuses, le paon a inspir\u00e9 cette cr\u00e9ation. Parure unique \u00e0 porter comme vous aimerez. <\/p>\n<p> <a class=\"continue-reading-link\" href=\"https:\/\/services-administracom.alwaysdata.net\/wp-content\/uploads\/sites\/labracelerie\/produit\/paon\/\"><span>Lire la Suite<\/span><i class=\"crycon-right-dir\"><\/i><\/a> <\/p>\n","protected":false},"featured_media":2232,"comment_status":"open","ping_status":"closed","template":"","meta":[],"product_brand":[],"product_cat":[481],"product_tag":[381,466],"class_list":{"0":"post-2230","1":"product","2":"type-product","3":"status-publish","4":"has-post-thumbnail","6":"product_cat-parures-marches","7":"product_tag-collection-de-parures","8":"product_tag-paon","10":"first","11":"instock","12":"sold-individually","13":"shipping-taxable","14":"purchasable","15":"product-type-simple"},"jetpack_sharing_enabled":true,"_links":{"self":[{"href":"https:\/\/services-administracom.alwaysdata.net\/wp-content\/uploads\/sites\/labracelerie\/wp-json\/wp\/v2\/product\/2230","targetHints":{"allow":["GET"]}}],"collection":[{"href":"https:\/\/services-administracom.alwaysdata.net\/wp-content\/uploads\/sites\/labracelerie\/wp-json\/wp\/v2\/product"}],"about":[{"href":"https:\/\/services-administracom.alwaysdata.net\/wp-content\/uploads\/sites\/labracelerie\/wp-json\/wp\/v2\/types\/product"}],"replies":[{"embeddable":true,"href":"https:\/\/services-administracom.alwaysdata.net\/wp-content\/uploads\/sites\/labracelerie\/wp-json\/wp\/v2\/comments?post=2230"}],"wp:featuredmedia":[{"embeddable":true,"href":"https:\/\/services-administracom.alwaysdata.net\/wp-content\/uploads\/sites\/labracelerie\/wp-json\/wp\/v2\/media\/2232"}],"wp:attachment":[{"href":"https:\/\/services-administracom.alwaysdata.net\/wp-content\/uploads\/sites\/labracelerie\/wp-json\/wp\/v2\/media?parent=2230"}],"wp:term":[{"taxonomy":"product_brand","embeddable":true,"href":"https:\/\/services-administracom.alwaysdata.net\/wp-content\/uploads\/sites\/labracelerie\/wp-json\/wp\/v2\/product_brand?post=2230"},{"taxonomy":"product_cat","embeddable":true,"href":"https:\/\/services-administracom.alwaysdata.net\/wp-content\/uploads\/sites\/labracelerie\/wp-json\/wp\/v2\/product_cat?post=2230"},{"taxonomy":"product_tag","embeddable":true,"href":"https:\/\/services-administracom.alwaysdata.net\/wp-content\/uploads\/sites\/labracelerie\/wp-json\/wp\/v2\/product_tag?post=2230"}],"curies":[{"name":"wp","href":"https:\/\/api.w.org\/{rel}","templated":true}]}}