{"id":2371,"date":"2024-11-20T18:37:11","date_gmt":"2024-11-20T17:37:11","guid":{"rendered":"https:\/\/services-administracom.alwaysdata.net\/wp-content\/uploads\/sites\/labracelerie\/?post_type=product&#038;p=2371"},"modified":"2026-03-06T19:17:30","modified_gmt":"2026-03-06T18:17:30","slug":"le-temps-des-pasteques","status":"publish","type":"product","link":"https:\/\/services-administracom.alwaysdata.net\/wp-content\/uploads\/sites\/labracelerie\/produit\/le-temps-des-pasteques\/","title":{"rendered":"LE TEMPS DES PASTEQUES"},"content":{"rendered":"","protected":false},"excerpt":{"rendered":"<p>Le temps des past\u00e8ques est une parure confectionn\u00e9e artisanalement avec de la p\u00e2te polym\u00e8re. Elle se compose :<\/p>\n<p>&#8211; d&rsquo;une bague sertie d&rsquo;un motif en p\u00e2te polym\u00e8re mont\u00e9e sur un anneau en m\u00e9tal argent\u00e9 taille S,<br \/>\n&#8211; de boucles d&rsquo;oreilles munies de crochets en m\u00e9tal argent\u00e9,<br \/>\n&#8211; une broche mont\u00e9e sur une \u00e9pingle en m\u00e9tal argent\u00e9,<br \/>\n&#8211; une cha\u00eenette en m\u00e9tal argent\u00e9 orn\u00e9e d&rsquo;une breloque en p\u00e2te polym\u00e8re.<\/p>\n<p>Pour vous rafra\u00eechir en toutes saisons cette cr\u00e9ation au motif fruit\u00e9 mettra de la couleur dans votre journ\u00e9e. <\/p>\n<p> <a class=\"continue-reading-link\" href=\"https:\/\/services-administracom.alwaysdata.net\/wp-content\/uploads\/sites\/labracelerie\/produit\/le-temps-des-pasteques\/\"><span>Lire la Suite<\/span><i class=\"crycon-right-dir\"><\/i><\/a> <\/p>\n","protected":false},"featured_media":2372,"comment_status":"open","ping_status":"closed","template":"","meta":[],"product_brand":[],"product_cat":[569,182],"product_tag":[361,497],"class_list":{"0":"post-2371","1":"product","2":"type-product","3":"status-publish","4":"has-post-thumbnail","6":"product_cat-collection-de-bijoux-en-pate-polymere","7":"product_cat-collection-femmes","8":"product_tag-collection-femme","9":"product_tag-le-temps-des-pasteques","11":"first","12":"instock","13":"sold-individually","14":"shipping-taxable","15":"purchasable","16":"product-type-simple"},"jetpack_sharing_enabled":true,"_links":{"self":[{"href":"https:\/\/services-administracom.alwaysdata.net\/wp-content\/uploads\/sites\/labracelerie\/wp-json\/wp\/v2\/product\/2371","targetHints":{"allow":["GET"]}}],"collection":[{"href":"https:\/\/services-administracom.alwaysdata.net\/wp-content\/uploads\/sites\/labracelerie\/wp-json\/wp\/v2\/product"}],"about":[{"href":"https:\/\/services-administracom.alwaysdata.net\/wp-content\/uploads\/sites\/labracelerie\/wp-json\/wp\/v2\/types\/product"}],"replies":[{"embeddable":true,"href":"https:\/\/services-administracom.alwaysdata.net\/wp-content\/uploads\/sites\/labracelerie\/wp-json\/wp\/v2\/comments?post=2371"}],"wp:featuredmedia":[{"embeddable":true,"href":"https:\/\/services-administracom.alwaysdata.net\/wp-content\/uploads\/sites\/labracelerie\/wp-json\/wp\/v2\/media\/2372"}],"wp:attachment":[{"href":"https:\/\/services-administracom.alwaysdata.net\/wp-content\/uploads\/sites\/labracelerie\/wp-json\/wp\/v2\/media?parent=2371"}],"wp:term":[{"taxonomy":"product_brand","embeddable":true,"href":"https:\/\/services-administracom.alwaysdata.net\/wp-content\/uploads\/sites\/labracelerie\/wp-json\/wp\/v2\/product_brand?post=2371"},{"taxonomy":"product_cat","embeddable":true,"href":"https:\/\/services-administracom.alwaysdata.net\/wp-content\/uploads\/sites\/labracelerie\/wp-json\/wp\/v2\/product_cat?post=2371"},{"taxonomy":"product_tag","embeddable":true,"href":"https:\/\/services-administracom.alwaysdata.net\/wp-content\/uploads\/sites\/labracelerie\/wp-json\/wp\/v2\/product_tag?post=2371"}],"curies":[{"name":"wp","href":"https:\/\/api.w.org\/{rel}","templated":true}]}}