{"id":2386,"date":"2024-11-20T20:20:04","date_gmt":"2024-11-20T19:20:04","guid":{"rendered":"https:\/\/services-administracom.alwaysdata.net\/wp-content\/uploads\/sites\/labracelerie\/?post_type=product&#038;p=2386"},"modified":"2024-11-20T20:20:05","modified_gmt":"2024-11-20T19:20:05","slug":"rosie","status":"publish","type":"product","link":"https:\/\/services-administracom.alwaysdata.net\/wp-content\/uploads\/sites\/labracelerie\/produit\/rosie\/","title":{"rendered":"ROSIE"},"content":{"rendered":"","protected":false},"excerpt":{"rendered":"<p>Rosie est une parure artisanale r\u00e9alis\u00e9e avec de la r\u00e9sine \u00e9poxy. Elle se compose :<\/p>\n<p>&#8211; de boucles d&rsquo;oreilles assorties de pompons munies de crochets en m\u00e9tal dor\u00e9,<br \/>\n&#8211; d&rsquo;un bracelet en fil c\u00e2bl\u00e9 tiss\u00e9 de perles en m\u00e9tal dor\u00e9, perles de rocaille et d&rsquo;une cha\u00eenette en m\u00e9tal dor\u00e9 taille unique.<\/p>\n<p>Pour cette parure j&rsquo;ai choisi de cr\u00e9\u00e9 un bracelet discret et \u00e9l\u00e9gant et de le faire contrebalancer avec des boucles d&rsquo;oreilles plus excentriques.<br \/>\nLes boucles d&rsquo;oreilles peuvent pr\u00e9senter des irr\u00e9gularit\u00e9s non visibles sur les photos. <\/p>\n<p> <a class=\"continue-reading-link\" href=\"https:\/\/services-administracom.alwaysdata.net\/wp-content\/uploads\/sites\/labracelerie\/produit\/rosie\/\"><span>Lire la Suite<\/span><i class=\"crycon-right-dir\"><\/i><\/a> <\/p>\n","protected":false},"featured_media":2387,"comment_status":"open","ping_status":"closed","template":"","meta":[],"product_brand":[],"product_cat":[182],"product_tag":[361,499],"class_list":{"0":"post-2386","1":"product","2":"type-product","3":"status-publish","4":"has-post-thumbnail","6":"product_cat-collection-femmes","7":"product_tag-collection-femme","8":"product_tag-rosie","10":"first","11":"instock","12":"sold-individually","13":"shipping-taxable","14":"purchasable","15":"product-type-simple"},"jetpack_sharing_enabled":true,"_links":{"self":[{"href":"https:\/\/services-administracom.alwaysdata.net\/wp-content\/uploads\/sites\/labracelerie\/wp-json\/wp\/v2\/product\/2386","targetHints":{"allow":["GET"]}}],"collection":[{"href":"https:\/\/services-administracom.alwaysdata.net\/wp-content\/uploads\/sites\/labracelerie\/wp-json\/wp\/v2\/product"}],"about":[{"href":"https:\/\/services-administracom.alwaysdata.net\/wp-content\/uploads\/sites\/labracelerie\/wp-json\/wp\/v2\/types\/product"}],"replies":[{"embeddable":true,"href":"https:\/\/services-administracom.alwaysdata.net\/wp-content\/uploads\/sites\/labracelerie\/wp-json\/wp\/v2\/comments?post=2386"}],"wp:featuredmedia":[{"embeddable":true,"href":"https:\/\/services-administracom.alwaysdata.net\/wp-content\/uploads\/sites\/labracelerie\/wp-json\/wp\/v2\/media\/2387"}],"wp:attachment":[{"href":"https:\/\/services-administracom.alwaysdata.net\/wp-content\/uploads\/sites\/labracelerie\/wp-json\/wp\/v2\/media?parent=2386"}],"wp:term":[{"taxonomy":"product_brand","embeddable":true,"href":"https:\/\/services-administracom.alwaysdata.net\/wp-content\/uploads\/sites\/labracelerie\/wp-json\/wp\/v2\/product_brand?post=2386"},{"taxonomy":"product_cat","embeddable":true,"href":"https:\/\/services-administracom.alwaysdata.net\/wp-content\/uploads\/sites\/labracelerie\/wp-json\/wp\/v2\/product_cat?post=2386"},{"taxonomy":"product_tag","embeddable":true,"href":"https:\/\/services-administracom.alwaysdata.net\/wp-content\/uploads\/sites\/labracelerie\/wp-json\/wp\/v2\/product_tag?post=2386"}],"curies":[{"name":"wp","href":"https:\/\/api.w.org\/{rel}","templated":true}]}}