{"id":3261,"date":"2026-02-22T16:52:05","date_gmt":"2026-02-22T15:52:05","guid":{"rendered":"https:\/\/services-administracom.alwaysdata.net\/wp-content\/uploads\/sites\/labracelerie\/?post_type=product&#038;p=3261"},"modified":"2026-03-13T18:16:02","modified_gmt":"2026-03-13T17:16:02","slug":"collection-de-pieces-faites-main-au-tricot","status":"publish","type":"product","link":"https:\/\/services-administracom.alwaysdata.net\/wp-content\/uploads\/sites\/labracelerie\/produit\/collection-de-pieces-faites-main-au-tricot\/","title":{"rendered":"COLLECTION DE PIECES FAITES MAIN AU TRICOT"},"content":{"rendered":"","protected":false},"excerpt":{"rendered":"<p>Vous trouverez dans cette page une collection de pi\u00e8ces r\u00e9alis\u00e9es au Tricot. Une collection \u00e9clectique, des mod\u00e8les uniques faits avec patience et assiduit\u00e9 au gr\u00e9 des saisons et de mes envies. J&rsquo;esp\u00e8re que vous appr\u00e9cierez ce travail r\u00e9alis\u00e9 de fa\u00e7on traditionnelle. Conseils pour le lavage : Laver \u00e0 la main \ud83d\ude42<\/p>\n<p> <a class=\"continue-reading-link\" href=\"https:\/\/services-administracom.alwaysdata.net\/wp-content\/uploads\/sites\/labracelerie\/produit\/collection-de-pieces-faites-main-au-tricot\/\"><span>Lire la Suite<\/span><i class=\"crycon-right-dir\"><\/i><\/a> <\/p>\n","protected":false},"featured_media":3260,"comment_status":"open","ping_status":"closed","template":"","meta":[],"product_brand":[],"product_cat":[567],"product_tag":[583,580,561,584,581,585,163,582],"class_list":{"0":"post-3261","1":"product","2":"type-product","3":"status-publish","4":"has-post-thumbnail","6":"product_cat-collection-de-pieces-faites-main-au-tricot","7":"product_tag-bonnet-flocon","8":"product_tag-col-vivien","9":"product_tag-dentelles","10":"product_tag-echarpe-plume","11":"product_tag-elephant-rose","12":"product_tag-fantaisie","13":"product_tag-italie","14":"product_tag-pull","16":"first","17":"instock","18":"shipping-taxable","19":"purchasable","20":"product-type-variable"},"jetpack_sharing_enabled":true,"_links":{"self":[{"href":"https:\/\/services-administracom.alwaysdata.net\/wp-content\/uploads\/sites\/labracelerie\/wp-json\/wp\/v2\/product\/3261","targetHints":{"allow":["GET"]}}],"collection":[{"href":"https:\/\/services-administracom.alwaysdata.net\/wp-content\/uploads\/sites\/labracelerie\/wp-json\/wp\/v2\/product"}],"about":[{"href":"https:\/\/services-administracom.alwaysdata.net\/wp-content\/uploads\/sites\/labracelerie\/wp-json\/wp\/v2\/types\/product"}],"replies":[{"embeddable":true,"href":"https:\/\/services-administracom.alwaysdata.net\/wp-content\/uploads\/sites\/labracelerie\/wp-json\/wp\/v2\/comments?post=3261"}],"wp:featuredmedia":[{"embeddable":true,"href":"https:\/\/services-administracom.alwaysdata.net\/wp-content\/uploads\/sites\/labracelerie\/wp-json\/wp\/v2\/media\/3260"}],"wp:attachment":[{"href":"https:\/\/services-administracom.alwaysdata.net\/wp-content\/uploads\/sites\/labracelerie\/wp-json\/wp\/v2\/media?parent=3261"}],"wp:term":[{"taxonomy":"product_brand","embeddable":true,"href":"https:\/\/services-administracom.alwaysdata.net\/wp-content\/uploads\/sites\/labracelerie\/wp-json\/wp\/v2\/product_brand?post=3261"},{"taxonomy":"product_cat","embeddable":true,"href":"https:\/\/services-administracom.alwaysdata.net\/wp-content\/uploads\/sites\/labracelerie\/wp-json\/wp\/v2\/product_cat?post=3261"},{"taxonomy":"product_tag","embeddable":true,"href":"https:\/\/services-administracom.alwaysdata.net\/wp-content\/uploads\/sites\/labracelerie\/wp-json\/wp\/v2\/product_tag?post=3261"}],"curies":[{"name":"wp","href":"https:\/\/api.w.org\/{rel}","templated":true}]}}